+ 6077. Let x(t) = -2*t**3 - 31*t**2 + 15*t - 19. Calculate x(v).
-3
Let w(j) = 5*j + 6. Let i(c) = -c**3 - 4*c**2 - c + 2. Suppose -2 = f - 5. Let q be f - (-27)/(-6) - 4/8. Let v be i(q). Give w(v).
-14
Let g(r) = -64756*r - 213 - 186 + 64736*r. What is g(-19)?
-19
Let j(h) = -8*h**2 - 3*h - 3. Let x be (1 - 0) + (-104)/(-624) + 13/(-6). Calculate j(x).
-8
Let x(l) be the first derivative of -l**5/40 + 7*l**4/24 + 83*l**3/3 - 72. Let q(y) be the third derivative of x(y). Calculate q(4).
-5
Suppose -33*u + 3091 - 1177 = 0. Let a(m) = m - 19 - 20 + u - 27. Give a(-8).
-16
Suppose 31*z = 80*z + 13 + 428. Let y(h) = h**2 + 13*h + 23. Calculate y(z).
-13
Let n(o) = -2*o**3 - 4*o**2 + 3*o + 4. Suppose 3*i + 51 = -h + 64, -2*h = 4*i - 16. Calculate n(h).
-2
Let y(v) = -v**3 - v**2 - v - 2. Let u = 674 + -750. Let n = u - -76. Give y(n).
-2
Suppose 10*v - 5*v = 5*c - 15, 2*c + 5*v + 36 = 0. Let t(d) = -d**3 - d**2 - 5. What is t(c)?
13
Let o(v) = v**3 + v**2 + 136. Let f be o(0). Let k = f - 141. Let x(d) = -2*d**3 - 11*d**2 - 3*d + 3. What is x(k)?
-7
Let a(b) = -13*b + 54. Let p be a(4). Let j(w) = 1 + 0*w**p + 7*w + 2 - 6 + w**2 + 9. Determine j(-5).
-4
Let o(h) = 8 + 7*h + 2*h**2 - h**2 - 2*h**2. Let b = -5440 + 5446. Give o(b).
14
Let t(y) = -25*y**3 + 5*y + 23*y**3 - y**2 - 7 - 8*y. Let f be t(0). Let c(s) = -s**2 - 7*s - 8. What is c(f)?
-8
Let q(t) = -2*t + 7. Let r(n) = 7*n - 58. Suppose 0 = 2*i - 4*x, 0 = -8*i + 3*i - 2*x. Suppose -h + 0 + 9 = i. Let b be r(h). Determine q(b).
-3
Let n(y) = y - 2. Let x(r) = 1. Let a(w) = -2*n(w) - 3*x(w). Let d be (70/20 - (5 + -3))*-6. What is a(d)?
19
Let x(h) = -h**3 + 7*h**2 + h - 9. Let n(o) = -18*o**2 - o**3 - 15*o + 18 - o**2 + 9*o**2 - 11 - 9*o. Let j be n(-6). Determine x(j).
-2
Let g(p) be the second derivative of 5/6*p**3 + 0 - 32*p + 1/12*p**4 + 7/2*p**2. What is g(-6)?
13
Let i(g) = -15 + 5*g**2 - 9*g**2 + 3*g**2 - 3*g - 8*g + 11. Let p(y) = -3*y**3 - y**2 + 1. Let c be p(-1). Suppose 0 = c*w + 3*w + 60. Give i(w).
6
Let w(j) be the second derivative of -j**3/2 + 3*j**2/2 - 1334*j. Calculate w(4).
-9
Suppose 3*j - 32 = -5*j. Suppose 5*u - 9 = j*h, 2*h = 4*h - 5*u + 17. Let m(k) = h*k**2 + 9 - 10 + 3 - k + k**3. Determine m(-4).
6
Let w(t) = t**3 + 3*t**2. Let i(j) = j**3 + 6*j**2 - j. Let d(h) = -2*i(h) + 5*w(h). Let u = 41958 - 41960. Calculate d(u).
-16
Let c(s) = 5*s - 139. Let x be c(28). Let v(l) = -28*l + 28. Let q be v(x). Let m(a) = a**2 - a + 15. Determine m(q).
15
Let b(x) be the first derivative of 3/2*x**2 - 71 - 11*x. Determine b(8).
13
Let q(x) = -65*x + 13. Let l be q(0). Let f(b) = -5*b - 88075*b**2 - l*b - 18 + 88074*b**2. Give f(-15).
27
Let f(h) = -91*h - 2833. Let w be f(-31). Let g(a) = a**3 + 12*a**2 - a + 12. Determine g(w).
24
Let z(g) be the first derivative of -1/4*g**4 + 3/2*g**2 + 6*g - 4/3*g**3 - 168. Give z(-4).
-6
Let a(y) = -y**2 + 12*y + 1. Let j(p) = -7*p**2 + 47*p + 53. Let t(g) = 6*a(g) - j(g). Determine t(-28).
37
Let t = -3844 + 3844. Let l(f) be the second derivative of -1/12*f**4 - f**2 - 1/2*f**3 - 6*f + t. Determine l(-4).
-6
Let m(v) = 11*v**3 + 71*v**2 + 28*v + 15. Let h be m(-6). Let o(y) = y**3 - 29*y**2 + 52*y + 60. Give o(h).
6
Let g = 26 + -19. Suppose 15*p - g = 8*p. Let c(d) = -5*d + 1. Give c(p).
-4
Suppose -p - 2*s - 31 = -7*s, -4*p + 5*s - 49 = 0. Let l be (33/p - -4) + 2/(-4). Let c(y) = 4*y + 1. Calculate c(l).
-7
Let f(y) = -286*y**2 + 3 - 281*y**2 + 1132*y**2 + 6*y - 284*y**2 - 282*y**2. Calculate f(5).
8
Suppose 0*d + 3*c = 3*d + 240, -155 = 2*d - 3*c. Let v = -78 - d. Let u(s) = v - 15*s**2 + s - 10*s**2 + 36*s**2 - 10*s**2 - s**3. Determine u(0).
7
Let w = -16659 + 16658. Let m(q) = 1 - 2 + 13*q - 6*q. What is m(w)?
-8
Let v(i) = -2*i**2 - 41*i - 3915 + 3*i + 11*i + 3928. Give v(-14).
-1
Let i(k) = -77*k + 3. Let t = -4601 + 4602. Determine i(t).
-74
Suppose -2*w = -4*d - 4, -4*w + 3*d - 10 = 4*d. Let t(s) = -166*s**2 - 8*s - 8. Let j(k) = -20*k**2 - k - 1. Let m(p) = 50*j(p) - 6*t(p). What is m(w)?
-14
Let l(c) = -c**3 - 10*c**2 + 3*c + 15. Let i be (-7 + 10)*40/(-15)*1. Calculate l(i).
-137
Suppose 5*o + 33 + 37 = 0. Let l(c) = 276*c - 275*c + 9 - 5 + 16. Determine l(o).
6
Suppose s = f - 8, -4*s - 4*f - 11 = -27. Let b(l) = 4*l - 3. What is b(s)?
-11
Suppose -h = -u - 1, -2 = -3*h + h. Suppose -45*a + 47*a = 10. Let z(q) = 3 - q - 3*q + a*q - 2*q. Calculate z(u).
3
Let z(u) = 2*u + 4. Let o be z(-4). Let r(n) = -4*n - 5. Let b(y) = -12*y - 5. Let i(s) = -b(s) + 2*r(s). Determine i(o).
-21
Suppose 0 = -3*a + 14 - 20. Let o = 5 - 5. Let m(f) = 2*f**3 + o*f**3 - 15*f**2 + 14*f**2 + 1. Calculate m(a).
-19
Suppose 0 = 2*k + 3*k - 4*w - 2216, -3*w - 1772 = -4*k. Let y(x) = -3*x**2 - 440 - 2*x + 878 - k. Suppose t + 2 = -0*t. Give y(t).
-10
Let v(j) = j - 7. Let o(m) = -1. Let d(t) = 6*o(t) + v(t). Suppose 4807*s - 105 + 375 = 4834*s. Determine d(s).
-3
Suppose -m = 5*p - 18, -4*m - 66 = 21*p - 24*p. Let f(r) = -3*r - 24. Determine f(m).
12
Let h be (216/3456)/(((-2)/5)/((-8)/30)). Let x(q) be the third derivative of 3*q**2 - h*q**4 + 7/2*q**3 + 0*q - 1/120*q**6 + 0*q**5 + 0. Calculate x(0).
21
Let b(j) = 5*j + 6 - 13*j**2 + 9*j**2 + 5*j**2. Let k(m) = -2*m**2 + 14*m - 4. Let c be k(6). Let v be 12/c*2 + 1*-8. Determine b(v).
6
Let f(l) be the first derivative of 7*l**2 + 11*l + 44 - 1/3*l**3. Give f(15).
-4
Let c(b) be the third derivative of b**8/20160 + b**7/720 + 43*b**5/60 - 28*b**2. Let a(v) be the third derivative of c(v). What is a(-6)?
-6
Let y(a) be the third derivative of a**5/60 + a**4/12 + 13*a**3/6 - 3*a**2 + 309*a. Calculate y(-6).
37
Let w(n) = n + 12. Let s = -190 - -203. Let f(q) = 2*q**3 - 26*q**2 - 3*q + 30. Let o be f(s). What is w(o)?
3
Let h(j) = -j - 12. Let q be -33 - ((-4)/6 - (-8)/12). Suppose 0 = -5*w - 97 - 23. Let t = q - w. What is h(t)?
-3
Let s(j) = -2*j + 21. Suppose 3359*v - 3390*v = -434. Calculate s(v).
-7
Let q(n) = n**3 + 7*n**2 + 6*n. Suppose 4*r + 3 = -b + 25, -b - r = -10. Suppose 2*t - b*t - 89 = d, 3*d + 99 = -4*t. Let p be (12/14)/((-3)/t)*-1. Give q(p).
0
Let f = 158 + -154. Let b(t) = 5*t**2 - 7*t - 1. Let s(g) = g**2 - g + 1. Suppose 6 = c + 10. Let p(a) = c*s(a) + b(a). Calculate p(f).
-1
Let x = -300 + 426. Suppose -11*b = 3*b - x. Let t(d) = b*d + 4 + 13*d - 25*d. Give t(-3).
13
Let v be -1*((-975)/30 + (-1)/(-2)). Let f(x) = -18 + v*x - 14*x - 22*x. Give f(-6).
6
Let w(t) be the first derivative of t**3/3 + 7*t**2/2 - 14*t + 15539. Let c(s) = -2*s + 3. Let b be c(6). Calculate w(b).
4
Let s(n) = -409*n + 820. Let f be s(2). Let l(i) = i**2 - 14*i + 24. Give l(f).
0
Let f(l) = l**3 + 3*l**2 - 3*l - 3. Let j = -5 + 18. Suppose -8*t + j = -11. Suppose 4*n = -t*i + n - 27, -5*i - 3*n = 35. Calculate f(i).
-7
Suppose 3*h = -2*g - 37, -3*g + 5*h - 2*h = 78. Let u = g - -29. Let k be (-62)/u + (-4)/(4 - 16). Let z(r) = r**3 + 10*r**2 - 2*r - 13. Calculate z(k).
7
Let u(j) = -j + 74 - 4*j + 84 - 220 + 72. Suppose -5*o + 18 = -3*o. Determine u(o).
-35
Let z(j) = 3*j**2 + 36*j + 59. Let i(b) = b**2 + 12*b + 20. Let d(q) = -13*i(q) + 4*z(q). Give d(-10).
-4
Let s(o) = o**2 - 2*o. Let q = -17 + 13. Let h be 4 - (36 - (3 + q)). Let t be 30/(-8) + h/(-44). What is s(t)?
15
Let a = -772 - -774. Let x(b) = -a*b**3 - 42 - 2*b**2 - 7 + 47 + 2*b. Give x(2).
-22
Let b(i) be the second derivative of 1/12*i**4 + 0*i**2 + 2*i - i**3 - 17. Calculate b(4).
-8
Let w be -3 - (0 - (0 - -4)). Let q(h) = 34*h - 408. Let m(k) = -12. Let j(n) = -34*m(n) + q(n). Calculate j(w).
34
Let q(o) = 4*o + 188 - 4*o + 5*o + 3*o - 197. Determine q(4).
23
Let o(q) = 8*q - 327. Let r(t) = -3*t + 116. Let c(y) = -6*o(y) - 17*r(y). Give c(0).
-10
Let r(o) = o**3 + 8*o**2 + 7*o - 13. Suppose -5*n + q - 23 - 7 = 0, -10 = 5*n - 5*q. What is r(n)?
-13
Let c = -2562 + 2551. Let m(x) = -x**2 - 15*x - 32. What is m(c)?
12
Let z(v) be the first derivative of 21/2*v**2 - 3 - 1/3*v**3 - v. Let q be z(21). Let j(s) = 8*s**3 + s**2 - 1. What is j(q)?
-8
Suppose -5*x + 6 = -4. Let m be 1/((-14)/8 + x). Suppose m*b + 15 - 3 = 0. Let s(t) = -t. Give s(b).
3
Let t(y) be the first derivative of y**5/120 - 23*y**4/24 + 2*y**3/3 + 75*y - 27. Let x(z) be the third derivative of t(z). What is x(12)?
-11
Let x(b) = 4 + 2133*b**3 - 1 + 4*b**2 - 2132